be (-68)/(-2) + (-4)/2. Let h be 1/(-4) - (-1878)/24. Let o = h + -62. Calculate the greatest common factor of o and x.
16
Let t = -25 - -49. Calculate the greatest common factor of 12 and t.
12
Suppose 5*f = s + s - 4, 0 = -s - 5*f + 32. Let h = 5 + 1. What is the highest common factor of h and s?
6
Suppose -60912 = -32*q - 15*q. What is the highest common divisor of q and 81?
81
Let s(r) = r**3 - 29*r**2 - 29*r + 17. Let i be s(30). What is the greatest common divisor of 47 and i?
47
Let c be (4/10)/((-4)/(-40))*4. Let s(f) = -f**2 + 15*f + 18. Let r be s(c). What is the greatest common factor of 8 and r?
2
Suppose 0 = -3*z + q + 566, -z + 3*z - 5*q - 386 = 0. Let a = z - -12. What is the highest common factor of 25 and a?
25
Let i(w) = w - 4 + 2 + 8*w**2 + 2*w. Let q(u) = -u**3 - 2*u**2 - u - 2. Let v be q(0). Let x be i(v). What is the highest common factor of 16 and x?
8
Let h(a) = 2*a**2 - 11*a - 21. Let c be h(6). Let p = 8 + -6. Let k be (-10)/c*33/p. What is the greatest common factor of 11 and k?
11
Let p be 4*(-10)/((-10)/(-2)). Let z be (p/(-3))/(12/18). Let m be 3/(-1)*z/(-12). Calculate the greatest common factor of m and 7.
1
Let w(t) = 16*t - 22*t - 13 + 9*t. Let i be w(6). Calculate the highest common divisor of i and 2.
1
Let f(n) = -8*n**3 + 4*n**2 + 4*n + 1. Let l(t) = -t**3 + 7*t**2 - 7*t + 5. Let m be l(6). Let i be f(m). What is the greatest common divisor of i and 27?
9
Let v(u) = 7*u - 68. Let r be v(20). What is the highest common divisor of r and 9?
9
Let x(d) = 8*d + 220. Let y be x(0). Calculate the highest common divisor of 10 and y.
10
Suppose 2*o = -19 - 49. Let f = -17 - 47. Let r = o - f. Calculate the greatest common factor of 15 and r.
15
Let d(i) = i**2 - 4. Let t(q) = q + 11. Let r be t(-8). Let y be d(r). Suppose -1 = -y*a + 14. Calculate the greatest common divisor of a and 33.
3
Suppose -33*m + 48*m - 270 = 0. What is the highest common divisor of 4 and m?
2
Let s = 5 + -4. Let x be ((-1 - 1) + 2)*s. Suppose x = -o + 13 + 1. Calculate the greatest common factor of o and 98.
14
Let x(w) = 12*w + 4. Let h be x(8). Let u = 115 - h. Calculate the highest common divisor of 15 and u.
15
Let c be (-3)/(-4) + (7 - (-6750)/24). What is the highest common divisor of 34 and c?
17
Let z be (-1 + (-5 - -3))*-1. Suppose -z*h - 94 = -5*a, -2*h = 2*a - 27 - 17. Calculate the highest common divisor of a and 50.
10
Let q = -305 - -332. Calculate the greatest common factor of q and 9.
9
Let z = -206 + 102. Let k be z/(-28) + 6/21. Suppose 4*m - 88 = -7*m. Calculate the greatest common factor of k and m.
4
Let m(f) = -7*f - 1. Let a be m(-1). Let d(h) = 2*h**2 + 4*h. Let j be d(a). Let u = -10 - -22. Calculate the greatest common factor of u and j.
12
Let y be 19 + (-2)/(3 - 1). Let n be 8/(-6)*18/4. Let v be (20 - n) + 1 + 0. What is the greatest common factor of v and y?
9
Suppose 3*o = 68 - 5. Let g(k) = -k**3 + 5*k**2 + 8*k - 5. Let d be g(6). Calculate the highest common divisor of d and o.
7
Let t(r) be the first derivative of 17*r + 1/2*r**2 + 1. Let j be t(7). Calculate the highest common factor of j and 24.
24
Let q be (-12)/(-4 - -8) - -410. What is the greatest common factor of q and 259?
37
Let g = -2613 + 2785. What is the highest common factor of g and 2924?
172
Let f(j) = 2*j**2 - 2*j - 2. Suppose -14 = 4*q - 22. Let i be f(q). Let p = -35 - -49. Calculate the greatest common divisor of p and i.
2
Suppose 4*k - 151 = -3*v, -3*v + 0*v + 71 = 2*k. Let c be (5*3/(-6))/((-6)/12). Calculate the highest common divisor of c and k.
5
Let l(b) be the first derivative of 11*b**2/2 - 11*b + 3. Let k be l(8). Let w(r) = 3*r - 7. Let q be w(6). Calculate the greatest common divisor of k and q.
11
Let u = 14 - 12. Let h be ((-1)/u)/(3/(-120)). Let l be 4/(-8) - (-202)/4. What is the highest common factor of l and h?
10
Let p = -138 + 250. Suppose -4*a + p = 3*a. What is the highest common divisor of a and 24?
8
Let g(q) = -11*q**2 - 3*q + 1. Let n(v) = -5*v**2 - v + 1. Let k(y) = 4*g(y) - 9*n(y). Let p be k(-3). What is the greatest common factor of 13 and p?
13
Let b = 56 + -53. Suppose 5*l = b*u + 107, 3*l + 0*u - 41 = -4*u. What is the highest common divisor of l and 209?
19
Let g be (124/3)/(2/3). Let c = 56 + -144. Let x = c + 243. Calculate the greatest common divisor of g and x.
31
Suppose 0 = -o + 4*p + 325, 0 = -4*o - 3*p + 697 + 698. What is the greatest common factor of 92 and o?
23
Let g(l) be the first derivative of -23*l**4/2 + l**2/2 + l + 2. Let s be g(-1). What is the highest common factor of s and 115?
23
Suppose 14*l = 5528 + 4804. Calculate the greatest common factor of 18 and l.
18
Let v(y) be the third derivative of 0*y**4 + 7*y**2 - 1/3*y**3 + 0*y + 0 + 1/60*y**5. Let b be v(3). What is the highest common divisor of 28 and b?
7
Let x(t) = t**3 - 22*t**2 - 25*t + 46. Let z be x(23). Suppose z = -3*h + 4*k + 40 + 114, 208 = 4*h - 4*k. What is the greatest common divisor of h and 12?
6
Let b = 37 + -35. Let l be (3/((-60)/28))/(b/(-10)). Calculate the highest common divisor of 56 and l.
7
Let w be 14634/45 + 5/(-25). Suppose -h + 456 = 4*r, -3*h - 8*r = -3*r - 1396. Let p = h - w. What is the highest common divisor of p and 21?
21
Suppose 0 = 3*v - 525 - 150. What is the highest common divisor of v and 50?
25
Let w be (-1)/(25/(-410)) - 3/(-5). Suppose -5*j + 160 = 4*q, 4*j - 3*q = -w + 145. Calculate the highest common divisor of j and 4.
4
Let x(s) = -11*s - 3. Let p = 31 - 39. Let g be x(p). What is the greatest common factor of g and 34?
17
Suppose 15*j - 28*j = -1222. Calculate the greatest common factor of j and 47.
47
Suppose 3*w + 2*w + 50 = 4*y, -y = -5*w - 5. Let i = 66 + -51. What is the highest common factor of y and i?
15
Suppose 0 = 8*c - 19*c - 275. Let d = 52 + c. What is the greatest common divisor of 9 and d?
9
Let m be 7/(1 - 11/12). Let n(k) = k - 6. Let f be n(18). Calculate the highest common divisor of f and m.
12
Suppose 4*c = -0*c + 3*l + 787, -3*l + 585 = 3*c. Suppose 2*f - 202 = -5*k + 4*f, 4*f = -5*k + c. What is the greatest common factor of 10 and k?
10
Let l be 3 - ((-2)/2 - 14). Let a = 510 - 492. Calculate the greatest common factor of l and a.
18
Let z(d) = -2*d**2 - 56*d - 20. Let p be z(-26). Calculate the greatest common divisor of p and 42.
42
Let w(g) = 4*g**2 - 2*g + 671. Let p be w(0). What is the highest common factor of p and 11?
11
Suppose 27*l - 460 = 4*l. What is the highest common divisor of l and 80?
20
Let r be (1/(-2))/(5/(-50)). Suppose 0 = 3*d + 2*i - 5*i - 48, -i = 5*d - 50. Suppose r*a = d + 19. What is the greatest common factor of a and 2?
2
Suppose -65 = 12*m - 17*m + 2*l, 0 = 4*l - 20. What is the greatest common divisor of m and 30?
15
Let l = -95 + 179. Suppose -8*j + 4*j + l = 0. Suppose 3*m - j + 12 = 0. Calculate the highest common factor of m and 12.
3
Let c = 32 - -80. Let h = -21 - -37. What is the highest common factor of c and h?
16
Let d be (-3)/(1*3/(-3)). Suppose -15*s + d*s + 180 = 0. What is the greatest common divisor of 105 and s?
15
Suppose 4*n - 217 = 259. Let w = 82 + -65. Calculate the highest common divisor of n and w.
17
Let a = 79 - 15. Let x = 18 + -10. Suppose k - x = -0. What is the greatest common divisor of a and k?
8
Let w be (-1)/5 + 52/10. Suppose -q = -2*l - 39 - 22, 3*l + 5*q + 72 = 0. Let x = l - -34. What is the greatest common factor of w and x?
5
Let k be (361/(-2))/((-52)/416). What is the highest common factor of k and 38?
38
Let l(z) = 68*z + 219. Let s be l(21). What is the highest common divisor of 27 and s?
27
Let l be (21 - 20)*(-2)/(-2). Suppose 0 = -5*c - 2*b - b + 21, -4*c + 5*b = -2. Suppose c*d = 5*d - 4. What is the greatest common divisor of d and l?
1
Suppose -5*f + 40 = y, -73*y = -74*y. Suppose -5*i + 10 = -5*d, -i + 0*d = -2*d. Suppose -u = -i - 12. Calculate the highest common factor of f and u.
8
Let l(u) = u**2 + 3*u - 3. Let m(o) = -o**3 - 2*o - 4. Let c be m(0). Let f be l(c). Let s be (8 - 9)/(f/(-34)). What is the greatest common factor of 85 and s?
17
Let w(f) = f**3 + 5*f**2 - 7*f + 6. Let d be w(-6). Suppose -4*q + 15 + 5 = 0. Suppose q*p = d + 3. What is the greatest common factor of 1 and p?
1
Let c = -4 + 7. Suppose 0 = -2*o + c*o + 2. Let l be (2/6)/(o/(-162)). What is th